common factor of 35 and 52076885?
35
What is the greatest common divisor of 39 and 2469077?
13
What is the greatest common factor of 50736 and 2339141?
1057
What is the greatest common divisor of 15557 and 1944294?
331
Calculate the greatest common factor of 2789217 and 3353.
479
What is the greatest common factor of 1964 and 4354679?
491
Calculate the greatest common divisor of 34143 and 33364.
19
What is the highest common divisor of 1371584 and 146276?
116
What is the highest common divisor of 268702427 and 3724?
931
What is the greatest common factor of 192 and 19329252?
12
What is the highest common factor of 2280 and 2032848?
456
What is the greatest common factor of 5979853 and 27333?
3037
Calculate the greatest common factor of 222948 and 217844.
44
What is the greatest common factor of 87 and 3803898129?
87
Calculate the highest common factor of 1098 and 1668350.
122
Calculate the highest common divisor of 18420696 and 945.
189
What is the highest common divisor of 212820596 and 11248?
2812
Calculate the highest common divisor of 432 and 115692176.
16
What is the highest common divisor of 12555025 and 537425?
6475
Calculate the greatest common factor of 16850 and 2600292.
674
What is the greatest common divisor of 871116 and 65?
1
What is the greatest common divisor of 42 and 3749484123?
21
What is the greatest common factor of 325927 and 26159?
707
Calculate the highest common divisor of 4115175 and 525.
75
Calculate the greatest common divisor of 1677 and 67652.
13
What is the greatest common divisor of 8120220 and 61200?
1020
Calculate the highest common factor of 16236 and 1143162.
738
What is the highest common factor of 3472784 and 31696?
112
Calculate the greatest common factor of 233 and 57773981.
233
Calculate the highest common divisor of 108 and 347607261.
27
What is the highest common divisor of 1384 and 37339628?
692
Calculate the highest common factor of 35264 and 1276032.
64
Calculate the greatest common factor of 1275225 and 15925.
1225
Calculate the highest common factor of 8279383 and 898193.
8893
What is the greatest common divisor of 9211 and 23851?
61
What is the greatest common factor of 2331 and 41895063?
2331
What is the highest common factor of 1660 and 95216?
4
Calculate the greatest common factor of 954304 and 5837.
13
Calculate the highest common divisor of 46452113 and 87.
29
Calculate the greatest common factor of 1542436 and 1178.
62
What is the greatest common divisor of 13216 and 15889762?
826
Calculate the highest common divisor of 8774 and 1471678.
214
What is the highest common factor of 234 and 3384054?
18
Calculate the greatest common divisor of 1112909 and 7352.
919
What is the greatest common factor of 20815404 and 10956?
996
Calculate the greatest common factor of 632 and 4073872.
632
What is the highest common divisor of 683 and 2439?
1
What is the greatest common factor of 9504 and 912528?
144
Calculate the greatest common factor of 10788 and 1808292.
372
What is the highest common divisor of 4608 and 2030784?
192
What is the highest common factor of 3357 and 1144747071?
3357
Calculate the highest common divisor of 17473944 and 58596.
3084
What is the greatest common factor of 13113 and 11144781?
423
What is the highest common divisor of 294 and 376301478?
294
Calculate the highest common divisor of 34091730 and 12.
6
What is the greatest common divisor of 6325 and 16713400?
275
Calculate the highest common factor of 1917 and 69585325.
71
Calculate the greatest common divisor of 392 and 5719966.
98
What is the highest common factor of 4503 and 182039?
19
What is the greatest common divisor of 573126 and 18762?
354
Calculate the greatest common divisor of 49547 and 587.
1
What is the greatest common divisor of 4135 and 40520?
5
What is the highest common divisor of 32816367 and 153?
9
Calculate the greatest common factor of 150 and 69514400.
50
What is the highest common divisor of 87 and 39053169?
87
Calculate the greatest common factor of 1624 and 6867490.
406
Calculate the highest common factor of 1848 and 7485324.
924
What is the highest common factor of 2636 and 111563428?
2636
What is the highest common factor of 247 and 1080074?
19
Calculate the highest common factor of 28 and 13001681.
7
Calculate the greatest common factor of 1151580 and 18105.
255
What is the highest common divisor of 617616 and 2448?
144
What is the greatest common divisor of 135 and 548061930?
135
Calculate the greatest common divisor of 1915002 and 3342.
6
Calculate the highest common factor of 18054 and 5178312.
1062
Calculate the greatest common factor of 12040400 and 29600.
400
Calculate the greatest common factor of 4621848 and 17934.
2562
Calculate the highest common divisor of 51341895 and 3498.
1749
What is the greatest common factor of 3418904 and 3298?
34
Calculate the greatest common factor of 2370354 and 390.
6
What is the greatest common divisor of 134009369 and 18148?
4537
Calculate the greatest common factor of 1893734 and 7498.
326
What is the greatest common divisor of 45243 and 10560?
33
What is the greatest common divisor of 715 and 4750993?
13
Calculate the greatest common divisor of 2340 and 3857880.
780
Calculate the highest common divisor of 96642 and 704574.
234
Calculate the greatest common divisor of 78997 and 69373.
401
Calculate the highest common divisor of 63910 and 6210435.
385
What is the greatest common factor of 168246176 and 13888?
6944
What is the greatest common divisor of 48 and 61219770?
6
Calculate the highest common factor of 95 and 8702893.
19
Calculate the greatest common divisor of 719808 and 258844.
652
What is the highest common factor of 2900 and 2200880?
20
What is the greatest common divisor of 17179879 and 35575?
1423
Calculate the greatest common divisor of 60 and 35608164.
12
Calculate the greatest common factor of 507603 and 2997.
111
What is the greatest common factor of 76 and 10056282?
38
Calculate the greatest common divisor of 1226625 and 1200.
75
Calculate the greatest common divisor of 700 and 5446420.
140
What is the highest common factor of 6351 and 66294147?
219
Calculate the highest common divisor of 48 and 39782832.
48
Calculate the highest common divisor of 2881 and 132200447.
2881
What is the greatest common factor of 2490 and 299630?
830
What is the highest common factor of 408089394 and 3348?
1674
Calculate the highest common divisor of 10614 and 146914.
58
What is the highest common factor of 3330639 and 2187?
81
What is the highest common factor of 25662 and 4071522?
546
Calculate the highest common divisor of 192 and 10969920.
192
What is the greatest common divisor of 11262604 and 3184?
796
Calculate the highest common factor of 18 and 68585913.
9
What is the highest common divisor of 396602713 and 109?
109
Calculate the greatest common divisor of 568 and 17606.
2
What is the highest common factor of 106930018 and 174?
58
Calculate the greatest common factor of 16664491 and 78352.
4897
What is the greatest common divisor of 6205 and 19407415?
365
What is the greatest common divisor of 664 and 170096?
8
Calculate the greatest common divisor of 909 and 2711345.
101
What is the highest common divisor of 216 and 447896439?
27
What is the greatest common factor of 44683986 and 372?
6
Calculate the greatest common divisor of 74119 and 82458176.
1577
What is the greatest common divisor of 6324600 and 36830?
1270
Calculate the greatest common divisor of 140364 and 709800.
84
Calculate the highest common factor of 7462161 and 4851.
441
What is the highest common divisor of 10633 and 12466433?
1519
What is the highest common factor of 2582613 and 17100?
171
Calculate the greatest common divisor of 8774 and 10250.
82
What is the greatest common factor of 12040 and 1371440?
280
Calculate the greatest common divisor of 140778 and 365454.
1422
What is the greatest common factor of 1510 and 4395450?
10
What is the greatest common divisor of 2019870 and 20?
10
Calculate the greatest common factor of 264278 and 93998.
86
What is the greatest common factor of 306701813 and 737?
737
Calculate the highest common factor of 31176 and 1604376.
72
Calculate the greatest common factor of 48 and 39734232.
24
Calculate the greatest common factor of 1315080903 and 3